{"id":418,"date":"2017-12-31T13:43:33","date_gmt":"2017-12-31T12:43:33","guid":{"rendered":"http:\/\/sternenspiel.de\/?post_type=product&#038;p=418"},"modified":"2025-12-23T17:06:34","modified_gmt":"2025-12-23T16:06:34","slug":"dornroeschen-mit-kind","status":"publish","type":"product","link":"https:\/\/sternenspiel.de\/?product=dornroeschen-mit-kind","title":{"rendered":"Dornr\u00f6schen mit Kind"},"content":{"rendered":"<p>handgefertigt, aus M\u00e4rchenwolle (100% Schafwolle), Arme biegsam (Draht innenliegend\/Pfeifenputzer), Baby mit Armen<\/p>\n<p><em>Die Figur wird in reiner Handarbeit gefertigt. Deshalb ist jede Figur ein Unikat und kann leichte Abweichungen vom aufgef\u00fchrten Bild haben.<\/em><\/p>\n","protected":false},"excerpt":{"rendered":"<p>Dornr\u00f6schen mit Baby im Arm, gr\u00fcn-wei\u00df, mit rosa Bl\u00fcten, dunkle Haare, L\u00e4nge ca. 17cm, h\u00e4ngend<\/p>\n","protected":false},"featured_media":396,"template":"","meta":[],"product_cat":[30,36,18,32,25,42,37],"product_tag":[],"aioseo_notices":[],"_links":{"self":[{"href":"https:\/\/sternenspiel.de\/index.php?rest_route=\/wp\/v2\/product\/418"}],"collection":[{"href":"https:\/\/sternenspiel.de\/index.php?rest_route=\/wp\/v2\/product"}],"about":[{"href":"https:\/\/sternenspiel.de\/index.php?rest_route=\/wp\/v2\/types\/product"}],"wp:featuredmedia":[{"embeddable":true,"href":"https:\/\/sternenspiel.de\/index.php?rest_route=\/wp\/v2\/media\/396"}],"wp:attachment":[{"href":"https:\/\/sternenspiel.de\/index.php?rest_route=%2Fwp%2Fv2%2Fmedia&parent=418"}],"wp:term":[{"taxonomy":"product_cat","embeddable":true,"href":"https:\/\/sternenspiel.de\/index.php?rest_route=%2Fwp%2Fv2%2Fproduct_cat&post=418"},{"taxonomy":"product_tag","embeddable":true,"href":"https:\/\/sternenspiel.de\/index.php?rest_route=%2Fwp%2Fv2%2Fproduct_tag&post=418"}],"curies":[{"name":"wp","href":"https:\/\/api.w.org\/{rel}","templated":true}]}}